{"id":16,"date":"2019-03-10T15:05:59","date_gmt":"2019-03-10T14:05:59","guid":{"rendered":"http:\/\/reflexologue-valleiry.fr\/?page_id=16"},"modified":"2022-02-18T15:46:05","modified_gmt":"2022-02-18T14:46:05","slug":"la-reflexo-quesaquo","status":"publish","type":"page","link":"https:\/\/reflexologue-valleiry.fr\/index.php\/la-reflexo-quesaquo\/","title":{"rendered":"La r\u00e9flexo, quesaquo ?"},"content":{"rendered":"\n<h2>Le pied : une repr\u00e9sentation miniature du corps humain&nbsp;!<\/h2>\n\n\n\n<p>La r\u00e9flexologie n\u2019est pas seulement un\nsimple massage des pieds&nbsp; C\u2019est une science bas\u00e9e sur le\nprincipe qu\u2019il existe dans les pieds et les mains des zones r\u00e9flexes\ncorrespondant \u00e0 tous les organes, glandes ou parties du corps.<\/p>\n\n\n\n<p>Il y a pr\u00e8s de 7200 terminaisons nerveuses dans chaque pied qui sont interconnect\u00e9es \u00e0 toutes les parties du corps via la moelle \u00e9pini\u00e8re et le cerveau.<\/p>\n\n\n\n<p>En exer\u00e7ant des pressions sur les zones r\u00e9flexes avec le pouce et les doigts, le r\u00e9flexologue relance \u00e0 distance l\u2019ensemble des syst\u00e8mes du corps et r\u00e9tablit le fonctionnement des organes correspondants. Ainsi on lib\u00e8re les tensions, on am\u00e9liore la circulation sanguine, on favorise le d\u00e9blocage des influx nerveux, on aide \u00e0 l\u2019\u00e9limination des toxines, on d\u00e9contracte les muscles et apporte ainsi une d\u00e9tente et une relaxation profonde.&nbsp;On peut donc agir sur un grand nombre de troubles. <\/p>\n\n\n\n<p>La r\u00e9flexologie est une th\u00e9rapie tr\u00e8s\ncompl\u00e8te puisqu\u2019elle touche non seulement le physique mais aussi le mental et\nl\u2019\u00e9motionnel du patient. <\/p>\n\n\n\n<p>La r\u00e9flexologie n\u2019est pas douloureuse ni\nchatouilleuse.<\/p>\n\n\n\n<blockquote class=\"wp-block-quote\"><p>Un m\u00e9canicien va proc\u00e9der minutieusement au r\u00e9glage d&rsquo;une superbe voiture de course : il s&rsquo;occupe de chaque pi\u00e8ce, il ajuste, d\u00e9ssere&#8230; jusqu&rsquo;\u00e0 ce qu&rsquo;il soit absolument s\u00fbr pour que tout est en parfait \u00e9tat de marche pour donner au maximum de r\u00e9action et de produire le maximum d&rsquo;\u00e9nergie. <\/p><p>Cet exemple est applicable au corps humain. Lorsqu&rsquo;il est en bonne sant\u00e9, il est une \u00e9tonnante machine, dont toutes les pi\u00e8ces fonctionnent \u00e0 la perfection, dont l&rsquo;\u00e9quilibre est assur\u00e9 par tout un syst\u00e8me de glandes, organes, nerfs, substances chimiques&#8230;. Mais si l&rsquo;un des composants se d\u00e9r\u00e8gle, l&rsquo;effet en est ressenti dans tout le corps. L&rsquo;organisme humain est d\u00e9r\u00e9gl\u00e9. Les principes de la r\u00e9flexologie, sont \u00e0 la base des techniques con\u00e7ues pour que tout le syst\u00e8me du corps fonctionnent \u00e0 son meilleur r\u00e9gime, c&rsquo;est \u00e0 dire pour que le corps humain soit en parfait \u00e9tat de marche.  <\/p><cite>Extrait du livre \u00ab\u00a0Meilleure sant\u00e9 par la r\u00e9flexologie des pieds\u00a0\u00bb. Dwight C. Byers<\/cite><\/blockquote>\n","protected":false},"excerpt":{"rendered":"<p>Le pied : une repr\u00e9sentation miniature du corps humain&nbsp;! La r\u00e9flexologie n\u2019est pas seulement un simple massage des pieds&nbsp; C\u2019est une science bas\u00e9e sur le principe qu\u2019il existe dans les pieds et les mains des zones r\u00e9flexes correspondant \u00e0 tous les organes, glandes ou parties du corps. Il y a pr\u00e8s de 7200 terminaisons nerveuses &hellip; <a href=\"https:\/\/reflexologue-valleiry.fr\/index.php\/la-reflexo-quesaquo\/\" class=\"more-link\">Continuer la lecture de <span class=\"screen-reader-text\">La r\u00e9flexo, quesaquo ?<\/span><\/a><\/p>\n","protected":false},"author":1,"featured_media":0,"parent":0,"menu_order":0,"comment_status":"closed","ping_status":"closed","template":"","meta":[],"_links":{"self":[{"href":"https:\/\/reflexologue-valleiry.fr\/index.php\/wp-json\/wp\/v2\/pages\/16"}],"collection":[{"href":"https:\/\/reflexologue-valleiry.fr\/index.php\/wp-json\/wp\/v2\/pages"}],"about":[{"href":"https:\/\/reflexologue-valleiry.fr\/index.php\/wp-json\/wp\/v2\/types\/page"}],"author":[{"embeddable":true,"href":"https:\/\/reflexologue-valleiry.fr\/index.php\/wp-json\/wp\/v2\/users\/1"}],"replies":[{"embeddable":true,"href":"https:\/\/reflexologue-valleiry.fr\/index.php\/wp-json\/wp\/v2\/comments?post=16"}],"version-history":[{"count":8,"href":"https:\/\/reflexologue-valleiry.fr\/index.php\/wp-json\/wp\/v2\/pages\/16\/revisions"}],"predecessor-version":[{"id":347,"href":"https:\/\/reflexologue-valleiry.fr\/index.php\/wp-json\/wp\/v2\/pages\/16\/revisions\/347"}],"wp:attachment":[{"href":"https:\/\/reflexologue-valleiry.fr\/index.php\/wp-json\/wp\/v2\/media?parent=16"}],"curies":[{"name":"wp","href":"https:\/\/api.w.org\/{rel}","templated":true}]}}